{"id":8988,"date":"2025-09-19T19:51:00","date_gmt":"2025-09-19T19:51:00","guid":{"rendered":"https:\/\/sentidoscreativos.com\/redinnovagro\/?post_type=avada_portfolio&#038;p=8988"},"modified":"2025-09-19T20:17:17","modified_gmt":"2025-09-19T20:17:17","slug":"articulacion-con-miembros-y-aliados-estrategicos","status":"publish","type":"avada_portfolio","link":"https:\/\/sentidoscreativos.com\/redinnovagro\/biblioteca\/articulacion-con-miembros-y-aliados-estrategicos\/","title":{"rendered":"Articulaci\u00f3n con miembros y aliados estrat\u00e9gicos"},"content":{"rendered":"<div class=\"fusion-fullwidth fullwidth-box fusion-builder-row-1 fusion-flex-container has-pattern-background has-mask-background nonhundred-percent-fullwidth non-hundred-percent-height-scrolling\" style=\"--awb-border-radius-top-left:0px;--awb-border-radius-top-right:0px;--awb-border-radius-bottom-right:0px;--awb-border-radius-bottom-left:0px;--awb-padding-right:0px;--awb-padding-left:0px;--awb-flex-wrap:wrap;\" ><div class=\"fusion-builder-row fusion-row fusion-flex-align-items-flex-start fusion-flex-content-wrap\" style=\"max-width:1256.6px;margin-left: calc(-3% \/ 2 );margin-right: calc(-3% \/ 2 );\"><div class=\"fusion-layout-column fusion_builder_column fusion-builder-column-0 fusion_builder_column_1_1 1_1 fusion-flex-column\" style=\"--awb-bg-size:cover;--awb-width-large:100%;--awb-spacing-right-large:1.455%;--awb-margin-bottom-large:0px;--awb-spacing-left-large:1.455%;--awb-width-medium:100%;--awb-order-medium:0;--awb-spacing-right-medium:1.455%;--awb-spacing-left-medium:1.455%;--awb-width-small:100%;--awb-order-small:0;--awb-spacing-right-small:1.455%;--awb-spacing-left-small:1.455%;\"><div class=\"fusion-column-wrapper fusion-column-has-shadow fusion-flex-justify-content-flex-start fusion-content-layout-column\"><div class=\"fusion-title title fusion-title-1 fusion-sep-none fusion-title-text fusion-title-size-three\" style=\"--awb-margin-bottom-small:24px;--awb-font-size:34px;\"><h3 class=\"fusion-title-heading title-heading-left fusion-responsive-typography-calculated\" style=\"margin:0;font-size:1em;--fontSize:34;line-height:var(--awb-typography1-line-height);\">Sub Titulo<\/h3><\/div><div class=\"fusion-video fusion-vimeo\" style=\"--awb-max-width:1200px;--awb-max-height:675px;--awb-align-self:center;--awb-width:100%;\"><div class=\"video-shortcode\"><div class=\"fluid-width-video-wrapper\" style=\"padding-top:56.25%;\" ><iframe title=\"Vimeo video player 1\" src=\"https:\/\/player.vimeo.com\/video\/192149021?autoplay=0&amp;autopause=0\" width=\"1200\" height=\"675\" allowfullscreen allow=\"autoplay; fullscreen\"><\/iframe><\/div><\/div><\/div><div class=\"fusion-text fusion-text-1\"><p>Lorem ipsum dolor sit amet, consectetuer adipiscing elit. Aenean commodo ligula eget dolor. Aenean massa. Cum sociis natoque penatibus et magnis dis parturient montes, nascetur ridiculus mus. Donec quam felis, ultricies nec, pellentesque eu, pretium quis, sem. Nulla consequat massa quis enim. Donec pede justo, fringilla vel, aliquet nec, vulpLorem ipsum dolor sit amet, consectetuer adipiscing elit. Aenean commodo ligula eget dolor. Aenean massa. Cum sociis natoque penatibus et magnis dis parturient montes, nascetur ridiculus mus. Donec quam felis, ultricies nec, pellentesque eu, pretium quis, sem. Nulla consequat massa quis enim. Donec pede justo, fringilla vel, aliquet nec, vulpLorem ipsum dolor sit amet, consectetuer adipiscing elit. Aenean commodo ligula eget dolor. Aenean massa. Cum sociis natoque penatibus et magnis dis parturient montes, nascetur ridiculus mus. Donec quam felis, ultricies nec, pellentesque eu, pretium quis, sem. Nulla consequat massa quis enim. Donec pede justo, fringilla vel, aliquet nec, vulpLorem ipsum dolor sit amet, consectetuer adipiscing elit. Aenean commodo ligula eget dolor. Aenean massa. Cum sociis natoque penatibus et magnis dis parturient montes, nascetur ridiculus mus. Donec quam felis, ultricies nec, pellentesque eu, pretium quis, sem. Nulla consequat massa quis enim. Donec pede justo, fringilla vel, aliquet nec, vulpLorem ipsum dolor sit amet, consectetuer adipiscing elit. Aenean commodo ligula eget dolor. Aenean massa. Cum sociis natoque penatibus et magnis dis parturient montes, nascetur ridiculus mus. Donec quam felis, ultricies nec, pellentesque eu, pretium quis, sem. Nulla consequat massa quis enim. Donec pede justo, fringilla vel, aliquet nec, vulp<\/p>\n<\/div><div class=\"fusion-slider-sc\"><div class=\"fusion-flexslider-loading flexslider flexslider-hover-type-none\" data-slideshow_autoplay=\"1\" data-slideshow_smooth_height=\"0\" data-slideshow_speed=\"7000\" style=\"max-width:100%;height:100%;\"><ul class=\"slides\"><li class=\"image\"><span class=\"lazyload fusion-image-hover-element hover-type-none\"><img decoding=\"async\" src=\"data:image\/gif;base64,R0lGODlhAQABAAAAACH5BAEKAAEALAAAAAABAAEAAAICTAEAOw==\" data-orig-src=\"https:\/\/sentidoscreativos.com\/redinnovagro\/wp-content\/uploads\/sites\/157\/2025\/09\/689t2n678.jpg\" class=\"lazyload wp-image-8934\" \/><\/span><\/li><li class=\"image\"><span class=\"lazyload fusion-image-hover-element hover-type-none\"><img  \/><\/span><\/li><\/ul><\/div><\/div><\/div><\/div><\/div><\/div>\n","protected":false},"excerpt":{"rendered":"<p>Conectar instituciones, empresas y actores clave para impulsar la colaboraci\u00f3n y el trabajo conjunto en innovaci\u00f3n agroalimentaria.<\/p>\n","protected":false},"author":138,"featured_media":0,"menu_order":0,"comment_status":"closed","ping_status":"closed","template":"","format":"standard","meta":{"_acf_changed":false,"footnotes":""},"portfolio_category":[378,377],"portfolio_skills":[],"portfolio_tags":[],"class_list":["post-8988","avada_portfolio","type-avada_portfolio","status-publish","format-standard","hentry","portfolio_category-articulacion-con-miembros-y-aliados-estrategicos","portfolio_category-servicios"],"yoast_head":"<!-- This site is optimized with the Yoast SEO plugin v27.5 - https:\/\/yoast.com\/product\/yoast-seo-wordpress\/ -->\n<title>Articulaci\u00f3n con miembros y aliados estrat\u00e9gicos - Red INNOVAGRO<\/title>\n<meta name=\"robots\" content=\"index, follow, max-snippet:-1, max-image-preview:large, max-video-preview:-1\" \/>\n<link rel=\"canonical\" href=\"https:\/\/sentidoscreativos.com\/redinnovagro\/biblioteca\/articulacion-con-miembros-y-aliados-estrategicos\/\" \/>\n<meta property=\"og:locale\" content=\"es_ES\" \/>\n<meta property=\"og:type\" content=\"article\" \/>\n<meta property=\"og:title\" content=\"Articulaci\u00f3n con miembros y aliados estrat\u00e9gicos - Red INNOVAGRO\" \/>\n<meta property=\"og:description\" content=\"Conectar instituciones, empresas y actores clave para impulsar la colaboraci\u00f3n y el trabajo conjunto en innovaci\u00f3n agroalimentaria.\" \/>\n<meta property=\"og:url\" content=\"https:\/\/sentidoscreativos.com\/redinnovagro\/biblioteca\/articulacion-con-miembros-y-aliados-estrategicos\/\" \/>\n<meta property=\"og:site_name\" content=\"Red INNOVAGRO\" \/>\n<meta property=\"article:modified_time\" content=\"2025-09-19T20:17:17+00:00\" \/>\n<meta property=\"og:image\" content=\"https:\/\/sentidoscreativos.com\/redinnovagro\/wp-content\/uploads\/sites\/157\/2025\/09\/un-apreton-de-manos-sobre-el-concepto-de-cooperacion-global-1.jpg\" \/>\n\t<meta property=\"og:image:width\" content=\"1504\" \/>\n\t<meta property=\"og:image:height\" content=\"1200\" \/>\n\t<meta property=\"og:image:type\" content=\"image\/jpeg\" \/>\n<meta name=\"twitter:card\" content=\"summary_large_image\" \/>\n<meta name=\"twitter:label1\" content=\"Tiempo de lectura\" \/>\n\t<meta name=\"twitter:data1\" content=\"2 minutos\" \/>\n<script type=\"application\/ld+json\" class=\"yoast-schema-graph\">{\"@context\":\"https:\\\/\\\/schema.org\",\"@graph\":[{\"@type\":\"WebPage\",\"@id\":\"https:\\\/\\\/sentidoscreativos.com\\\/redinnovagro\\\/biblioteca\\\/articulacion-con-miembros-y-aliados-estrategicos\\\/\",\"url\":\"https:\\\/\\\/sentidoscreativos.com\\\/redinnovagro\\\/biblioteca\\\/articulacion-con-miembros-y-aliados-estrategicos\\\/\",\"name\":\"Articulaci\u00f3n con miembros y aliados estrat\u00e9gicos - Red INNOVAGRO\",\"isPartOf\":{\"@id\":\"https:\\\/\\\/sentidoscreativos.com\\\/redinnovagro\\\/#website\"},\"datePublished\":\"2025-09-19T19:51:00+00:00\",\"dateModified\":\"2025-09-19T20:17:17+00:00\",\"breadcrumb\":{\"@id\":\"https:\\\/\\\/sentidoscreativos.com\\\/redinnovagro\\\/biblioteca\\\/articulacion-con-miembros-y-aliados-estrategicos\\\/#breadcrumb\"},\"inLanguage\":\"es\",\"potentialAction\":[{\"@type\":\"ReadAction\",\"target\":[\"https:\\\/\\\/sentidoscreativos.com\\\/redinnovagro\\\/biblioteca\\\/articulacion-con-miembros-y-aliados-estrategicos\\\/\"]}]},{\"@type\":\"BreadcrumbList\",\"@id\":\"https:\\\/\\\/sentidoscreativos.com\\\/redinnovagro\\\/biblioteca\\\/articulacion-con-miembros-y-aliados-estrategicos\\\/#breadcrumb\",\"itemListElement\":[{\"@type\":\"ListItem\",\"position\":1,\"name\":\"Home\",\"item\":\"https:\\\/\\\/sentidoscreativos.com\\\/redinnovagro\\\/\"},{\"@type\":\"ListItem\",\"position\":2,\"name\":\"Portfolio\",\"item\":\"https:\\\/\\\/sentidoscreativos.com\\\/redinnovagro\\\/analysis\\\/\"},{\"@type\":\"ListItem\",\"position\":3,\"name\":\"Articulaci\u00f3n con miembros y aliados estrat\u00e9gicos\"}]},{\"@type\":\"WebSite\",\"@id\":\"https:\\\/\\\/sentidoscreativos.com\\\/redinnovagro\\\/#website\",\"url\":\"https:\\\/\\\/sentidoscreativos.com\\\/redinnovagro\\\/\",\"name\":\"Red INNOVAGRO\",\"description\":\"\",\"potentialAction\":[{\"@type\":\"SearchAction\",\"target\":{\"@type\":\"EntryPoint\",\"urlTemplate\":\"https:\\\/\\\/sentidoscreativos.com\\\/redinnovagro\\\/?s={search_term_string}\"},\"query-input\":{\"@type\":\"PropertyValueSpecification\",\"valueRequired\":true,\"valueName\":\"search_term_string\"}}],\"inLanguage\":\"es\"}]}<\/script>\n<!-- \/ Yoast SEO plugin. -->","yoast_head_json":{"title":"Articulaci\u00f3n con miembros y aliados estrat\u00e9gicos - Red INNOVAGRO","robots":{"index":"index","follow":"follow","max-snippet":"max-snippet:-1","max-image-preview":"max-image-preview:large","max-video-preview":"max-video-preview:-1"},"canonical":"https:\/\/sentidoscreativos.com\/redinnovagro\/biblioteca\/articulacion-con-miembros-y-aliados-estrategicos\/","og_locale":"es_ES","og_type":"article","og_title":"Articulaci\u00f3n con miembros y aliados estrat\u00e9gicos - Red INNOVAGRO","og_description":"Conectar instituciones, empresas y actores clave para impulsar la colaboraci\u00f3n y el trabajo conjunto en innovaci\u00f3n agroalimentaria.","og_url":"https:\/\/sentidoscreativos.com\/redinnovagro\/biblioteca\/articulacion-con-miembros-y-aliados-estrategicos\/","og_site_name":"Red INNOVAGRO","article_modified_time":"2025-09-19T20:17:17+00:00","og_image":[{"width":1504,"height":1200,"url":"https:\/\/sentidoscreativos.com\/redinnovagro\/wp-content\/uploads\/sites\/157\/2025\/09\/un-apreton-de-manos-sobre-el-concepto-de-cooperacion-global-1.jpg","type":"image\/jpeg"}],"twitter_card":"summary_large_image","twitter_misc":{"Tiempo de lectura":"2 minutos"},"schema":{"@context":"https:\/\/schema.org","@graph":[{"@type":"WebPage","@id":"https:\/\/sentidoscreativos.com\/redinnovagro\/biblioteca\/articulacion-con-miembros-y-aliados-estrategicos\/","url":"https:\/\/sentidoscreativos.com\/redinnovagro\/biblioteca\/articulacion-con-miembros-y-aliados-estrategicos\/","name":"Articulaci\u00f3n con miembros y aliados estrat\u00e9gicos - Red INNOVAGRO","isPartOf":{"@id":"https:\/\/sentidoscreativos.com\/redinnovagro\/#website"},"datePublished":"2025-09-19T19:51:00+00:00","dateModified":"2025-09-19T20:17:17+00:00","breadcrumb":{"@id":"https:\/\/sentidoscreativos.com\/redinnovagro\/biblioteca\/articulacion-con-miembros-y-aliados-estrategicos\/#breadcrumb"},"inLanguage":"es","potentialAction":[{"@type":"ReadAction","target":["https:\/\/sentidoscreativos.com\/redinnovagro\/biblioteca\/articulacion-con-miembros-y-aliados-estrategicos\/"]}]},{"@type":"BreadcrumbList","@id":"https:\/\/sentidoscreativos.com\/redinnovagro\/biblioteca\/articulacion-con-miembros-y-aliados-estrategicos\/#breadcrumb","itemListElement":[{"@type":"ListItem","position":1,"name":"Home","item":"https:\/\/sentidoscreativos.com\/redinnovagro\/"},{"@type":"ListItem","position":2,"name":"Portfolio","item":"https:\/\/sentidoscreativos.com\/redinnovagro\/analysis\/"},{"@type":"ListItem","position":3,"name":"Articulaci\u00f3n con miembros y aliados estrat\u00e9gicos"}]},{"@type":"WebSite","@id":"https:\/\/sentidoscreativos.com\/redinnovagro\/#website","url":"https:\/\/sentidoscreativos.com\/redinnovagro\/","name":"Red INNOVAGRO","description":"","potentialAction":[{"@type":"SearchAction","target":{"@type":"EntryPoint","urlTemplate":"https:\/\/sentidoscreativos.com\/redinnovagro\/?s={search_term_string}"},"query-input":{"@type":"PropertyValueSpecification","valueRequired":true,"valueName":"search_term_string"}}],"inLanguage":"es"}]}},"acf":[],"_links":{"self":[{"href":"https:\/\/sentidoscreativos.com\/redinnovagro\/wp-json\/wp\/v2\/avada_portfolio\/8988","targetHints":{"allow":["GET"]}}],"collection":[{"href":"https:\/\/sentidoscreativos.com\/redinnovagro\/wp-json\/wp\/v2\/avada_portfolio"}],"about":[{"href":"https:\/\/sentidoscreativos.com\/redinnovagro\/wp-json\/wp\/v2\/types\/avada_portfolio"}],"author":[{"embeddable":true,"href":"https:\/\/sentidoscreativos.com\/redinnovagro\/wp-json\/wp\/v2\/users\/138"}],"replies":[{"embeddable":true,"href":"https:\/\/sentidoscreativos.com\/redinnovagro\/wp-json\/wp\/v2\/comments?post=8988"}],"version-history":[{"count":4,"href":"https:\/\/sentidoscreativos.com\/redinnovagro\/wp-json\/wp\/v2\/avada_portfolio\/8988\/revisions"}],"predecessor-version":[{"id":8999,"href":"https:\/\/sentidoscreativos.com\/redinnovagro\/wp-json\/wp\/v2\/avada_portfolio\/8988\/revisions\/8999"}],"wp:attachment":[{"href":"https:\/\/sentidoscreativos.com\/redinnovagro\/wp-json\/wp\/v2\/media?parent=8988"}],"wp:term":[{"taxonomy":"portfolio_category","embeddable":true,"href":"https:\/\/sentidoscreativos.com\/redinnovagro\/wp-json\/wp\/v2\/portfolio_category?post=8988"},{"taxonomy":"portfolio_skills","embeddable":true,"href":"https:\/\/sentidoscreativos.com\/redinnovagro\/wp-json\/wp\/v2\/portfolio_skills?post=8988"},{"taxonomy":"portfolio_tags","embeddable":true,"href":"https:\/\/sentidoscreativos.com\/redinnovagro\/wp-json\/wp\/v2\/portfolio_tags?post=8988"}],"curies":[{"name":"wp","href":"https:\/\/api.w.org\/{rel}","templated":true}]}}

Articulación con miembros y aliados estratégicos

<p>Conectar instituciones, empresas y actores clave para impulsar la colaboración y el trabajo conjunto en innovación agroalimentaria.</p>

<!-- This site is optimized with the Yoast SEO plugin v27.5 - https://yoast.com/product/yoast-seo-wordpress/ -->
<title>Articulación con miembros y aliados estratégicos - Red INNOVAGRO</title>
<meta name="robots" content="index, follow, max-snippet:-1, max-image-preview:large, max-video-preview:-1" />
<link rel="canonical" href="https://sentidoscreativos.com/redinnovagro/biblioteca/articulacion-con-miembros-y-aliados-estrategicos/" />
<meta property="og:locale" content="es_ES" />
<meta property="og:type" content="article" />
<meta property="og:title" content="Articulación con miembros y aliados estratégicos - Red INNOVAGRO" />
<meta property="og:description" content="Conectar instituciones, empresas y actores clave para impulsar la colaboración y el trabajo conjunto en innovación agroalimentaria." />
<meta property="og:url" content="https://sentidoscreativos.com/redinnovagro/biblioteca/articulacion-con-miembros-y-aliados-estrategicos/" />
<meta property="og:site_name" content="Red INNOVAGRO" />
<meta property="article:modified_time" content="2025-09-19T20:17:17+00:00" />
<meta property="og:image" content="https://sentidoscreativos.com/redinnovagro/wp-content/uploads/sites/157/2025/09/un-apreton-de-manos-sobre-el-concepto-de-cooperacion-global-1.jpg" />
	<meta property="og:image:width" content="1504" />
	<meta property="og:image:height" content="1200" />
	<meta property="og:image:type" content="image/jpeg" />
<meta name="twitter:card" content="summary_large_image" />
<meta name="twitter:label1" content="Tiempo de lectura" />
	<meta name="twitter:data1" content="2 minutos" />
<script type="application/ld+json" class="yoast-schema-graph">{"@context":"https:\/\/schema.org","@graph":[{"@type":"WebPage","@id":"https:\/\/sentidoscreativos.com\/redinnovagro\/biblioteca\/articulacion-con-miembros-y-aliados-estrategicos\/","url":"https:\/\/sentidoscreativos.com\/redinnovagro\/biblioteca\/articulacion-con-miembros-y-aliados-estrategicos\/","name":"Articulación con miembros y aliados estratégicos - Red INNOVAGRO","isPartOf":{"@id":"https:\/\/sentidoscreativos.com\/redinnovagro\/#website"},"datePublished":"2025-09-19T19:51:00+00:00","dateModified":"2025-09-19T20:17:17+00:00","breadcrumb":{"@id":"https:\/\/sentidoscreativos.com\/redinnovagro\/biblioteca\/articulacion-con-miembros-y-aliados-estrategicos\/#breadcrumb"},"inLanguage":"es","potentialAction":[{"@type":"ReadAction","target":["https:\/\/sentidoscreativos.com\/redinnovagro\/biblioteca\/articulacion-con-miembros-y-aliados-estrategicos\/"]}]},{"@type":"BreadcrumbList","@id":"https:\/\/sentidoscreativos.com\/redinnovagro\/biblioteca\/articulacion-con-miembros-y-aliados-estrategicos\/#breadcrumb","itemListElement":[{"@type":"ListItem","position":1,"name":"Home","item":"https:\/\/sentidoscreativos.com\/redinnovagro\/"},{"@type":"ListItem","position":2,"name":"Portfolio","item":"https:\/\/sentidoscreativos.com\/redinnovagro\/analysis\/"},{"@type":"ListItem","position":3,"name":"Articulación con miembros y aliados estratégicos"}]},{"@type":"WebSite","@id":"https:\/\/sentidoscreativos.com\/redinnovagro\/#website","url":"https:\/\/sentidoscreativos.com\/redinnovagro\/","name":"Red INNOVAGRO","description":"","potentialAction":[{"@type":"SearchAction","target":{"@type":"EntryPoint","urlTemplate":"https:\/\/sentidoscreativos.com\/redinnovagro\/?s={search_term_string}"},"query-input":{"@type":"PropertyValueSpecification","valueRequired":true,"valueName":"search_term_string"}}],"inLanguage":"es"}]}</script>
<!-- / Yoast SEO plugin. -->

Articulación con miembros y aliados estratégicos - Red INNOVAGRO

Conectar instituciones, empresas y actores clave para impulsar la colaboración y el trabajo conjunto en innovación agroalimentaria.
