{"id":6516,"date":"2023-10-11T17:20:11","date_gmt":"2023-10-11T17:20:11","guid":{"rendered":"https:\/\/sentidoscreativos.com\/simor\/?post_type=rental-details&#038;p=6516"},"modified":"2026-02-16T20:00:57","modified_gmt":"2026-02-16T20:00:57","slug":"residencia-centro-colima","status":"publish","type":"rental-details","link":"https:\/\/sentidoscreativos.com\/simor\/rental-details\/residencia-centro-colima\/","title":{"rendered":"Residencia Centro, Colima"},"content":{"rendered":"<div class=\"fusion-fullwidth fullwidth-box fusion-builder-row-1 fusion-flex-container nonhundred-percent-fullwidth non-hundred-percent-height-scrolling\" style=\"--awb-border-radius-top-left:0px;--awb-border-radius-top-right:0px;--awb-border-radius-bottom-right:0px;--awb-border-radius-bottom-left:0px;--awb-padding-right:0px;--awb-padding-left:0px;--awb-flex-wrap:wrap;\" ><div class=\"fusion-builder-row fusion-row fusion-flex-align-items-flex-start fusion-flex-content-wrap\" style=\"max-width:1248px;margin-left: calc(-4% \/ 2 );margin-right: calc(-4% \/ 2 );\"><div class=\"fusion-layout-column fusion_builder_column fusion-builder-column-0 fusion_builder_column_1_1 1_1 fusion-flex-column\" style=\"--awb-bg-size:cover;--awb-width-large:100%;--awb-margin-top-large:0px;--awb-spacing-right-large:1.92%;--awb-margin-bottom-large:32px;--awb-spacing-left-large:1.92%;--awb-width-medium:100%;--awb-order-medium:0;--awb-spacing-right-medium:1.92%;--awb-spacing-left-medium:1.92%;--awb-width-small:100%;--awb-order-small:0;--awb-spacing-right-small:1.92%;--awb-spacing-left-small:1.92%;\"><div class=\"fusion-column-wrapper fusion-column-has-shadow fusion-flex-justify-content-flex-start fusion-content-layout-column\"><div style=\"border-radius:10px; overflow:hidden;\">\n  <iframe  src=\"https:\/\/www.google.com\/maps\/embed?pb=!1m18!1m12!1m3!1d3766.929254645743!2d-103.72500002514242!3d19.241914746743653!2m3!1f0!2f0!3f0!3m2!1i1024!2i768!4f13.1!3m3!1m2!1s0x84255aa94f5db13f%3A0x4a7509ac9aaf8ba8!2sCalle%20Gral.%20Silverio%20N%C3%BA%C3%B1ez%20120%2C%20Centro%2C%2028000%20Colima%2C%20Col.!5e0!3m2!1ses-419!2smx!4v1768942009058!5m2!1ses-419!2smx\"\n    width=\"100%\"\n    height=\"400\"\n    style=\"border:0;\"\n    allowfullscreen\n    loading=\"lazy\"\n    referrerpolicy=\"no-referrer-when-downgrade\">\n  <\/iframe>\n<\/div><\/div><\/div><\/div><\/div>\n","protected":false},"featured_media":9676,"template":"","property-type":[472],"tipo-propiedad":[519],"class_list":["post-6516","rental-details","type-rental-details","status-publish","has-post-thumbnail","hentry","property-type-residencial","tipo-propiedad-residencial"],"yoast_head":"<!-- This site is optimized with the Yoast SEO plugin v27.4 - https:\/\/yoast.com\/product\/yoast-seo-wordpress\/ -->\n<title>Residencia en el Centro de Colima | Renta | SIMOR<\/title>\n<meta name=\"description\" content=\"Residencia en renta en el Centro de Colima. Espacios c\u00f3modos, ubicaci\u00f3n estrat\u00e9gica y cercan\u00eda a servicios y transporte para una vida pr\u00e1ctica y urbana.\" \/>\n<meta name=\"robots\" content=\"index, follow, max-snippet:-1, max-image-preview:large, max-video-preview:-1\" \/>\n<link rel=\"canonical\" href=\"https:\/\/sentidoscreativos.com\/simor\/rental-details\/residencia-centro-colima\/\" \/>\n<meta property=\"og:locale\" content=\"es_ES\" \/>\n<meta property=\"og:type\" content=\"article\" \/>\n<meta property=\"og:title\" content=\"Renta tu residencia c\u00e9ntrica en Colima\" \/>\n<meta property=\"og:description\" content=\"Residencia en renta en el Centro de Colima. Espacios c\u00f3modos, ubicaci\u00f3n estrat\u00e9gica y cercan\u00eda a servicios y transporte urbano.\" \/>\n<meta property=\"og:url\" content=\"https:\/\/sentidoscreativos.com\/simor\/rental-details\/residencia-centro-colima\/\" \/>\n<meta property=\"og:site_name\" content=\"Simor\" \/>\n<meta property=\"article:modified_time\" content=\"2026-02-16T20:00:57+00:00\" \/>\n<meta property=\"og:image\" content=\"https:\/\/sentidoscreativos.com\/simor\/wp-content\/uploads\/sites\/173\/2023\/10\/WhatsApp-Image-2025-06-11-at-4.14.31-PM-1-1.jpg\" \/>\n\t<meta property=\"og:image:width\" content=\"1200\" \/>\n\t<meta property=\"og:image:height\" content=\"800\" \/>\n\t<meta property=\"og:image:type\" content=\"image\/jpeg\" \/>\n<meta name=\"twitter:card\" content=\"summary_large_image\" \/>\n<meta name=\"twitter:title\" content=\"Renta tu residencia c\u00e9ntrica en Colima\" \/>\n<meta name=\"twitter:description\" content=\"Residencia en renta en el Centro de Colima. Espacios c\u00f3modos, ubicaci\u00f3n estrat\u00e9gica y cercan\u00eda a servicios y transporte urbano.\" \/>\n<meta name=\"twitter:image\" content=\"https:\/\/sentidoscreativos.com\/simor\/wp-content\/uploads\/sites\/173\/2023\/10\/WhatsApp-Image-2025-06-11-at-4.14.31-PM-1-1.jpg\" \/>\n<meta name=\"twitter:label1\" content=\"Tiempo de lectura\" \/>\n\t<meta name=\"twitter:data1\" content=\"1 minuto\" \/>\n<script type=\"application\/ld+json\" class=\"yoast-schema-graph\">{\"@context\":\"https:\\\/\\\/schema.org\",\"@graph\":[{\"@type\":\"WebPage\",\"@id\":\"https:\\\/\\\/sentidoscreativos.com\\\/simor\\\/rental-details\\\/residencia-centro-colima\\\/\",\"url\":\"https:\\\/\\\/sentidoscreativos.com\\\/simor\\\/rental-details\\\/residencia-centro-colima\\\/\",\"name\":\"Residencia en el Centro de Colima | Renta | SIMOR\",\"isPartOf\":{\"@id\":\"https:\\\/\\\/sentidoscreativos.com\\\/simor\\\/#website\"},\"primaryImageOfPage\":{\"@id\":\"https:\\\/\\\/sentidoscreativos.com\\\/simor\\\/rental-details\\\/residencia-centro-colima\\\/#primaryimage\"},\"image\":{\"@id\":\"https:\\\/\\\/sentidoscreativos.com\\\/simor\\\/rental-details\\\/residencia-centro-colima\\\/#primaryimage\"},\"thumbnailUrl\":\"https:\\\/\\\/sentidoscreativos.com\\\/simor\\\/wp-content\\\/uploads\\\/sites\\\/173\\\/2023\\\/10\\\/WhatsApp-Image-2025-06-11-at-4.14.31-PM-1-1.jpg\",\"datePublished\":\"2023-10-11T17:20:11+00:00\",\"dateModified\":\"2026-02-16T20:00:57+00:00\",\"description\":\"Residencia en renta en el Centro de Colima. Espacios c\u00f3modos, ubicaci\u00f3n estrat\u00e9gica y cercan\u00eda a servicios y transporte para una vida pr\u00e1ctica y urbana.\",\"breadcrumb\":{\"@id\":\"https:\\\/\\\/sentidoscreativos.com\\\/simor\\\/rental-details\\\/residencia-centro-colima\\\/#breadcrumb\"},\"inLanguage\":\"es\",\"potentialAction\":[{\"@type\":\"ReadAction\",\"target\":[\"https:\\\/\\\/sentidoscreativos.com\\\/simor\\\/rental-details\\\/residencia-centro-colima\\\/\"]}]},{\"@type\":\"ImageObject\",\"inLanguage\":\"es\",\"@id\":\"https:\\\/\\\/sentidoscreativos.com\\\/simor\\\/rental-details\\\/residencia-centro-colima\\\/#primaryimage\",\"url\":\"https:\\\/\\\/sentidoscreativos.com\\\/simor\\\/wp-content\\\/uploads\\\/sites\\\/173\\\/2023\\\/10\\\/WhatsApp-Image-2025-06-11-at-4.14.31-PM-1-1.jpg\",\"contentUrl\":\"https:\\\/\\\/sentidoscreativos.com\\\/simor\\\/wp-content\\\/uploads\\\/sites\\\/173\\\/2023\\\/10\\\/WhatsApp-Image-2025-06-11-at-4.14.31-PM-1-1.jpg\",\"width\":1200,\"height\":800},{\"@type\":\"BreadcrumbList\",\"@id\":\"https:\\\/\\\/sentidoscreativos.com\\\/simor\\\/rental-details\\\/residencia-centro-colima\\\/#breadcrumb\",\"itemListElement\":[{\"@type\":\"ListItem\",\"position\":1,\"name\":\"Home\",\"item\":\"https:\\\/\\\/sentidoscreativos.com\\\/simor\\\/\"},{\"@type\":\"ListItem\",\"position\":2,\"name\":\"Rentals\",\"item\":\"https:\\\/\\\/sentidoscreativos.com\\\/simor\\\/rentals\\\/\"},{\"@type\":\"ListItem\",\"position\":3,\"name\":\"Residencia Centro, Colima\"}]},{\"@type\":\"WebSite\",\"@id\":\"https:\\\/\\\/sentidoscreativos.com\\\/simor\\\/#website\",\"url\":\"https:\\\/\\\/sentidoscreativos.com\\\/simor\\\/\",\"name\":\"Simor\",\"description\":\"\",\"potentialAction\":[{\"@type\":\"SearchAction\",\"target\":{\"@type\":\"EntryPoint\",\"urlTemplate\":\"https:\\\/\\\/sentidoscreativos.com\\\/simor\\\/?s={search_term_string}\"},\"query-input\":{\"@type\":\"PropertyValueSpecification\",\"valueRequired\":true,\"valueName\":\"search_term_string\"}}],\"inLanguage\":\"es\"}]}<\/script>\n<!-- \/ Yoast SEO plugin. -->","yoast_head_json":{"title":"Residencia en el Centro de Colima | Renta | SIMOR","description":"Residencia en renta en el Centro de Colima. Espacios c\u00f3modos, ubicaci\u00f3n estrat\u00e9gica y cercan\u00eda a servicios y transporte para una vida pr\u00e1ctica y urbana.","robots":{"index":"index","follow":"follow","max-snippet":"max-snippet:-1","max-image-preview":"max-image-preview:large","max-video-preview":"max-video-preview:-1"},"canonical":"https:\/\/sentidoscreativos.com\/simor\/rental-details\/residencia-centro-colima\/","og_locale":"es_ES","og_type":"article","og_title":"Renta tu residencia c\u00e9ntrica en Colima","og_description":"Residencia en renta en el Centro de Colima. Espacios c\u00f3modos, ubicaci\u00f3n estrat\u00e9gica y cercan\u00eda a servicios y transporte urbano.","og_url":"https:\/\/sentidoscreativos.com\/simor\/rental-details\/residencia-centro-colima\/","og_site_name":"Simor","article_modified_time":"2026-02-16T20:00:57+00:00","og_image":[{"width":1200,"height":800,"url":"https:\/\/sentidoscreativos.com\/simor\/wp-content\/uploads\/sites\/173\/2023\/10\/WhatsApp-Image-2025-06-11-at-4.14.31-PM-1-1.jpg","type":"image\/jpeg"}],"twitter_card":"summary_large_image","twitter_title":"Renta tu residencia c\u00e9ntrica en Colima","twitter_description":"Residencia en renta en el Centro de Colima. Espacios c\u00f3modos, ubicaci\u00f3n estrat\u00e9gica y cercan\u00eda a servicios y transporte urbano.","twitter_image":"https:\/\/sentidoscreativos.com\/simor\/wp-content\/uploads\/sites\/173\/2023\/10\/WhatsApp-Image-2025-06-11-at-4.14.31-PM-1-1.jpg","twitter_misc":{"Tiempo de lectura":"1 minuto"},"schema":{"@context":"https:\/\/schema.org","@graph":[{"@type":"WebPage","@id":"https:\/\/sentidoscreativos.com\/simor\/rental-details\/residencia-centro-colima\/","url":"https:\/\/sentidoscreativos.com\/simor\/rental-details\/residencia-centro-colima\/","name":"Residencia en el Centro de Colima | Renta | SIMOR","isPartOf":{"@id":"https:\/\/sentidoscreativos.com\/simor\/#website"},"primaryImageOfPage":{"@id":"https:\/\/sentidoscreativos.com\/simor\/rental-details\/residencia-centro-colima\/#primaryimage"},"image":{"@id":"https:\/\/sentidoscreativos.com\/simor\/rental-details\/residencia-centro-colima\/#primaryimage"},"thumbnailUrl":"https:\/\/sentidoscreativos.com\/simor\/wp-content\/uploads\/sites\/173\/2023\/10\/WhatsApp-Image-2025-06-11-at-4.14.31-PM-1-1.jpg","datePublished":"2023-10-11T17:20:11+00:00","dateModified":"2026-02-16T20:00:57+00:00","description":"Residencia en renta en el Centro de Colima. Espacios c\u00f3modos, ubicaci\u00f3n estrat\u00e9gica y cercan\u00eda a servicios y transporte para una vida pr\u00e1ctica y urbana.","breadcrumb":{"@id":"https:\/\/sentidoscreativos.com\/simor\/rental-details\/residencia-centro-colima\/#breadcrumb"},"inLanguage":"es","potentialAction":[{"@type":"ReadAction","target":["https:\/\/sentidoscreativos.com\/simor\/rental-details\/residencia-centro-colima\/"]}]},{"@type":"ImageObject","inLanguage":"es","@id":"https:\/\/sentidoscreativos.com\/simor\/rental-details\/residencia-centro-colima\/#primaryimage","url":"https:\/\/sentidoscreativos.com\/simor\/wp-content\/uploads\/sites\/173\/2023\/10\/WhatsApp-Image-2025-06-11-at-4.14.31-PM-1-1.jpg","contentUrl":"https:\/\/sentidoscreativos.com\/simor\/wp-content\/uploads\/sites\/173\/2023\/10\/WhatsApp-Image-2025-06-11-at-4.14.31-PM-1-1.jpg","width":1200,"height":800},{"@type":"BreadcrumbList","@id":"https:\/\/sentidoscreativos.com\/simor\/rental-details\/residencia-centro-colima\/#breadcrumb","itemListElement":[{"@type":"ListItem","position":1,"name":"Home","item":"https:\/\/sentidoscreativos.com\/simor\/"},{"@type":"ListItem","position":2,"name":"Rentals","item":"https:\/\/sentidoscreativos.com\/simor\/rentals\/"},{"@type":"ListItem","position":3,"name":"Residencia Centro, Colima"}]},{"@type":"WebSite","@id":"https:\/\/sentidoscreativos.com\/simor\/#website","url":"https:\/\/sentidoscreativos.com\/simor\/","name":"Simor","description":"","potentialAction":[{"@type":"SearchAction","target":{"@type":"EntryPoint","urlTemplate":"https:\/\/sentidoscreativos.com\/simor\/?s={search_term_string}"},"query-input":{"@type":"PropertyValueSpecification","valueRequired":true,"valueName":"search_term_string"}}],"inLanguage":"es"}]}},"acf":[],"_links":{"self":[{"href":"https:\/\/sentidoscreativos.com\/simor\/wp-json\/wp\/v2\/rental-details\/6516","targetHints":{"allow":["GET"]}}],"collection":[{"href":"https:\/\/sentidoscreativos.com\/simor\/wp-json\/wp\/v2\/rental-details"}],"about":[{"href":"https:\/\/sentidoscreativos.com\/simor\/wp-json\/wp\/v2\/types\/rental-details"}],"wp:featuredmedia":[{"embeddable":true,"href":"https:\/\/sentidoscreativos.com\/simor\/wp-json\/wp\/v2\/media\/9676"}],"wp:attachment":[{"href":"https:\/\/sentidoscreativos.com\/simor\/wp-json\/wp\/v2\/media?parent=6516"}],"wp:term":[{"taxonomy":"property-type","embeddable":true,"href":"https:\/\/sentidoscreativos.com\/simor\/wp-json\/wp\/v2\/property-type?post=6516"},{"taxonomy":"tipo-propiedad","embeddable":true,"href":"https:\/\/sentidoscreativos.com\/simor\/wp-json\/wp\/v2\/tipo-propiedad?post=6516"}],"curies":[{"name":"wp","href":"https:\/\/api.w.org\/{rel}","templated":true}]}}

<!-- This site is optimized with the Yoast SEO plugin v27.4 - https://yoast.com/product/yoast-seo-wordpress/ -->
<title>Residencia en el Centro de Colima | Renta | SIMOR</title>
<meta name="description" content="Residencia en renta en el Centro de Colima. Espacios cómodos, ubicación estratégica y cercanía a servicios y transporte para una vida práctica y urbana." />
<meta name="robots" content="index, follow, max-snippet:-1, max-image-preview:large, max-video-preview:-1" />
<link rel="canonical" href="https://sentidoscreativos.com/simor/rental-details/residencia-centro-colima/" />
<meta property="og:locale" content="es_ES" />
<meta property="og:type" content="article" />
<meta property="og:title" content="Renta tu residencia céntrica en Colima" />
<meta property="og:description" content="Residencia en renta en el Centro de Colima. Espacios cómodos, ubicación estratégica y cercanía a servicios y transporte urbano." />
<meta property="og:url" content="https://sentidoscreativos.com/simor/rental-details/residencia-centro-colima/" />
<meta property="og:site_name" content="Simor" />
<meta property="article:modified_time" content="2026-02-16T20:00:57+00:00" />
<meta property="og:image" content="https://sentidoscreativos.com/simor/wp-content/uploads/sites/173/2023/10/WhatsApp-Image-2025-06-11-at-4.14.31-PM-1-1.jpg" />
	<meta property="og:image:width" content="1200" />
	<meta property="og:image:height" content="800" />
	<meta property="og:image:type" content="image/jpeg" />
<meta name="twitter:card" content="summary_large_image" />
<meta name="twitter:title" content="Renta tu residencia céntrica en Colima" />
<meta name="twitter:description" content="Residencia en renta en el Centro de Colima. Espacios cómodos, ubicación estratégica y cercanía a servicios y transporte urbano." />
<meta name="twitter:image" content="https://sentidoscreativos.com/simor/wp-content/uploads/sites/173/2023/10/WhatsApp-Image-2025-06-11-at-4.14.31-PM-1-1.jpg" />
<meta name="twitter:label1" content="Tiempo de lectura" />
	<meta name="twitter:data1" content="1 minuto" />
<script type="application/ld+json" class="yoast-schema-graph">{"@context":"https:\/\/schema.org","@graph":[{"@type":"WebPage","@id":"https:\/\/sentidoscreativos.com\/simor\/rental-details\/residencia-centro-colima\/","url":"https:\/\/sentidoscreativos.com\/simor\/rental-details\/residencia-centro-colima\/","name":"Residencia en el Centro de Colima | Renta | SIMOR","isPartOf":{"@id":"https:\/\/sentidoscreativos.com\/simor\/#website"},"primaryImageOfPage":{"@id":"https:\/\/sentidoscreativos.com\/simor\/rental-details\/residencia-centro-colima\/#primaryimage"},"image":{"@id":"https:\/\/sentidoscreativos.com\/simor\/rental-details\/residencia-centro-colima\/#primaryimage"},"thumbnailUrl":"https:\/\/sentidoscreativos.com\/simor\/wp-content\/uploads\/sites\/173\/2023\/10\/WhatsApp-Image-2025-06-11-at-4.14.31-PM-1-1.jpg","datePublished":"2023-10-11T17:20:11+00:00","dateModified":"2026-02-16T20:00:57+00:00","description":"Residencia en renta en el Centro de Colima. Espacios cómodos, ubicación estratégica y cercanía a servicios y transporte para una vida práctica y urbana.","breadcrumb":{"@id":"https:\/\/sentidoscreativos.com\/simor\/rental-details\/residencia-centro-colima\/#breadcrumb"},"inLanguage":"es","potentialAction":[{"@type":"ReadAction","target":["https:\/\/sentidoscreativos.com\/simor\/rental-details\/residencia-centro-colima\/"]}]},{"@type":"ImageObject","inLanguage":"es","@id":"https:\/\/sentidoscreativos.com\/simor\/rental-details\/residencia-centro-colima\/#primaryimage","url":"https:\/\/sentidoscreativos.com\/simor\/wp-content\/uploads\/sites\/173\/2023\/10\/WhatsApp-Image-2025-06-11-at-4.14.31-PM-1-1.jpg","contentUrl":"https:\/\/sentidoscreativos.com\/simor\/wp-content\/uploads\/sites\/173\/2023\/10\/WhatsApp-Image-2025-06-11-at-4.14.31-PM-1-1.jpg","width":1200,"height":800},{"@type":"BreadcrumbList","@id":"https:\/\/sentidoscreativos.com\/simor\/rental-details\/residencia-centro-colima\/#breadcrumb","itemListElement":[{"@type":"ListItem","position":1,"name":"Home","item":"https:\/\/sentidoscreativos.com\/simor\/"},{"@type":"ListItem","position":2,"name":"Rentals","item":"https:\/\/sentidoscreativos.com\/simor\/rentals\/"},{"@type":"ListItem","position":3,"name":"Residencia Centro, Colima"}]},{"@type":"WebSite","@id":"https:\/\/sentidoscreativos.com\/simor\/#website","url":"https:\/\/sentidoscreativos.com\/simor\/","name":"Simor","description":"","potentialAction":[{"@type":"SearchAction","target":{"@type":"EntryPoint","urlTemplate":"https:\/\/sentidoscreativos.com\/simor\/?s={search_term_string}"},"query-input":{"@type":"PropertyValueSpecification","valueRequired":true,"valueName":"search_term_string"}}],"inLanguage":"es"}]}</script>
<!-- / Yoast SEO plugin. -->

Residencia en renta en el Centro de Colima. Espacios cómodos, ubicación estratégica y cercanía a servicios y transporte para una vida práctica y urbana.

Renta tu residencia céntrica en Colima

Residencia en renta en el Centro de Colima. Espacios cómodos, ubicación estratégica y cercanía a servicios y transporte urbano.
